hat is the hundred thousands digit of 107282?
1
What is the hundred thousands digit of 224765?
2
What is the hundreds digit of 206500?
5
What is the tens digit of 3520492?
9
What is the ten thousands digit of 503098?
0
What is the thousands digit of 235442?
5
What is the hundreds digit of 193755?
7
What is the hundreds digit of 96756?
7
What is the tens digit of 1237664?
6
What is the hundreds digit of 6800013?
0
What is the tens digit of 502798?
9
What is the tens digit of 4025592?
9
What is the hundred thousands digit of 1467106?
4
What is the hundreds digit of 171098?
0
What is the units digit of 3606379?
9
What is the tens digit of 768040?
4
What is the ten thousands digit of 523709?
2
What is the thousands digit of 9668787?
8
What is the thousands digit of 22415333?
5
What is the thousands digit of 7910179?
0
What is the tens digit of 5591996?
9
What is the units digit of 1565170?
0
What is the tens digit of 1830994?
9
What is the ten thousands digit of 866150?
6
What is the thousands digit of 260618?
0
What is the hundreds digit of 27781455?
4
What is the millions digit of 3809646?
3
What is the tens digit of 188171?
7
What is the ten thousands digit of 1802317?
0
What is the tens digit of 133873?
7
What is the hundred thousands digit of 1900906?
9
What is the thousands digit of 743972?
3
What is the units digit of 473317?
7
What is the thousands digit of 853747?
3
What is the thousands digit of 13496171?
6
What is the units digit of 9262444?
4
What is the thousands digit of 683166?
3
What is the thousands digit of 18914912?
4
What is the hundreds digit of 858354?
3
What is the hundred thousands digit of 183330?
1
What is the thousands digit of 82445?
2
What is the tens digit of 699109?
0
What is the units digit of 26294852?
2
What is the tens digit of 242986?
8
What is the tens digit of 179996?
9
What is the ten thousands digit of 554039?
5
What is the hundreds digit of 455747?
7
What is the thousands digit of 2157603?
7
What is the hundred thousands digit of 845650?
8
What is the hundreds digit of 5743522?
5
What is the hundred thousands digit of 247981?
2
What is the ten thousands digit of 30794?
3
What is the tens digit of 183405?
0
What is the thousands digit of 1803240?
3
What is the hundreds digit of 101779?
7
What is the hundred thousands digit of 214887?
2
What is the tens digit of 94726?
2
What is the ten thousands digit of 268892?
6
What is the hundred thousands digit of 687518?
6
What is the ten thousands digit of 551856?
5
What is the ten thousands digit of 1392014?
9
What is the units digit of 327909?
9
What is the hundreds digit of 3146571?
5
What is the tens digit of 3467275?
7
What is the hundreds digit of 1440763?
7
What is the hundreds digit of 283053?
0
What is the thousands digit of 2939575?
9
What is the ten thousands digit of 45049?
4
What is the hundreds digit of 1061573?
5
What is the millions digit of 4446505?
4
What is the hundred thousands digit of 109641?
1
What is the thousands digit of 469601?
9
What is the hundred thousands digit of 1463636?
4
What is the units digit of 9106793?
3
What is the thousands digit of 18464859?
4
What is the thousands digit of 4333917?
3
What is the ten thousands digit of 102383?
0
What is the ten thousands digit of 431020?
3
What is the tens digit of 9885668?
6
What is the ten thousands digit of 833986?
3
What is the thousands digit of 3561831?
1
What is the hundreds digit of 276716?
7
What is the hundred thousands digit of 9626332?
6
What is the hundreds digit of 304131?
1
What is the units digit of 168769?
9
What is the tens digit of 713879?
7
What is the hundred thousands digit of 1639889?
6
What is the tens digit of 993623?
2
What is the tens digit of 697720?
2
What is the hundred thousands digit of 824617?
8
What is the thousands digit of 13662973?
2
What is the ten millions digit of 15060664?
1
What is the hundreds digit of 3458142?
1
What is the thousands digit of 1528124?
8
What is the ten thousands digit of 7687229?
8
What is the units digit of 76346?
6
What is the thousands digit of 776564?
6
What is the ten thousands digit of 76715?
7
What is the tens digit of 721047?
4
What is the thousands digit of 32596388?
6
What is the ten millions digit of 20589151?
2
What is the hundreds digit of 194931?
9
What is the hundreds digit of 117731?
7
What is the hundreds digit of 1651156?
1
What is the hundred thousands digit of 186346?
1
What is the ten thousands digit of 1075019?
7
What is the thousands digit of 746038?
6
What is the units digit of 1963206?
6
What is the units digit of 246782?
2
What is the tens digit of 1038791?
9
What is the thousands digit of 527914?
7
What is the thousands digit of 5373396?
3
What is the thousands digit of 3113083?
3
What is the units digit of 8551578?
8
What is the hundred thousands digit of 219950?
2
What is the ten millions digit of 22114899?
2
What is the thousands digit of 1466?
1
What is the ten millions digit of 27067987?
2
What is the hundreds digit of 455558?
5
What is the millions digit of 5831000?
5
What is the hundred thousands digit of 711882?
7
What is the units digit of 434226?
6
What is the units digit of 28451119?
9
What is the tens digit of 19962728?
2
What is the hundred thousands digit of 6830600?
8
What is the units digit of 1634544?
4
What is the units digit of 12669830?
0
What is the hundred thousands digit of 116465?
1
What is the hundreds digit of 16736?
7
What is the millions digit of 6302105?
6
What is the hundreds digit of 1685706?
7
What is the units digit of 16474298?
8
What is the millions digit of 1002365?
1
What is the thousands digit of 2826689?
6
What is the hundred thousands digit of 11593974?
5
What is the thousands digit of 11184800?
4
What is the hundred thousands digit of 35168488?
1
What is the thousands digit of 234474?
4
What is the tens digit of 365794?
9
What is the tens digit of 5623822?
2
What is the units digit of 355862?
2
What is the thousands digit of 289536?
9
What is the tens digit of 46013?
1
What is the thousands digit of 51972?
1
What is the ten thousands digit of 6414363?
1
What is the thousands digit of 281616?
1
What is the hundred thousands digit of 134845?
1
What is the thousands digit of 2164653?
4
What is the thousands digit of 4634831?
4
What is the units digit of 8270616?
6
What is the hundreds digit of 28770?
7
What is the ten thousands digit of 1608780?
0
What is the hundreds digit of 298644?
6
What is the tens digit of 1541026?
2
What is the hundred thousands digit of 10574430?
5
What is the units digit of 391211?
1
What is the units digit of 66751?
1
What is the hundreds digit of 6494100?
1
What is the thousands digit of 1784489?
4
What is the hundred thousands digit of 453240?
4
What is the hundred thousands digit of 3435339?
4
What is the units digit of 4827026?
6
What is the tens digit of 116358?
5
What is the ten thousands digit of 1369830?
6
What is the ten thousands digit of 7209572?
0
What is the hundreds digit of 4753994?
9
What is the hundred thousands digit of 2588044?
5
What is the hundred thousands digit of 756597?
7
What is the hundred thousands digit of 13369962?
3
What is the units digit of 975003?
3
What is the hundred thousands digit of 383036?
3
What is the tens digit of 384594?
9
What is the hundred thousands digit of 1490283?
4
What is the hundred thousands digit of 8136086?
1
What is the units digit of 514705?
5
What is the units digit of 5981903?
3
What is the hundreds digit of 1171952?
9
What is the hundred thousands digit of 100599?
1
What is the hundred thousands digit of 3396895?
3
What is the ten millions digit of 21616626?
2
What is the tens digit of 632272?
7
What is the millions digit of 2715623?
2
What is the thousands digit of 153295?
3
What is the ten thousands digit of 143992?
4
What is the thousands digit of 56434?
6
What is the millions digit of 3355740?
3
What is the hundred thousands digit of 504281?
5
What is the ten thousands digit of 7066941?
6
What is the tens digit of 14463?
6
What is the thousands digit of 16298?
6
What is the units digit of 2366090?
0
What is the ten thousands digit of 16671351?
7
What is the tens digit of 61370?
7
What is the units digit of 101903?
3
What is the hundreds digit of 3525797?
7
What is the tens d